uppose -h - q*a - 17 = 0, a + 50 = 5*h - a. Calculate the remainder when 22 is divided by h.
6
Suppose -72*w + 68*w + 60 = 0. What is the remainder when 41 is divided by w?
11
Let q(p) = p**2 + 5*p - 14. Calculate the remainder when q(4) is divided by 12.
10
Let z = 102 - 95. Calculate the remainder when 12 is divided by z.
5
Suppose -k + 44 = 2*h, 2*h = -3*k - 2*h + 122. What is the remainder when k is divided by 18?
16
Suppose 5*o = -s + o + 21, 4*s = 4*o + 124. What is the remainder when s is divided by 16?
13
Let l = -5 - -4. Calculate the remainder when (l/3)/((-4)/588) is divided by 26.
23
Suppose -2*o + o = 5*k - 104, -5*o - 80 = -5*k. Let j(n) = -10*n**2 + n - 1. Let z be j(1). What is the remainder when (-5)/(z/(-4)) + 60 is divided by k?
18
Suppose 6*j + 2*y - 28 = 2*j, -3*j = 5*y - 21. Calculate the remainder when j is divided by 6.
1
Let i = -28 - -83. Suppose -4*h + i + 49 = 0. Suppose -t = 4*x - 10, 29 = 2*t - 2*x + x. Calculate the remainder when h is divided by t.
12
Calculate the remainder when (-2)/10 - ((-652)/10 - 0) is divided by 11.
10
Suppose 4*u - 28 = -2*n, 4*u + 4*n = 3*u + 21. Suppose 5*h - 20 = u*r - 0*r, -r = 0. Calculate the remainder when -1*(-33)/6*2 is divided by h.
3
Suppose 0 = -4*k + k + 5*c - 29, -5*k + 5*c - 55 = 0. Let b = k - -24. What is the remainder when b is divided by 4?
3
Suppose -j - j - 2 = 0. Calculate the remainder when j*(-3)/(3/43) is divided by 15.
13
Calculate the remainder when 164 is divided by 3 + (-19)/7 - (-194)/7.
24
Let o = 2 + 0. Suppose 0 = 2*m - 2*c, o*m - 5*c + 20 = 7*m. Calculate the remainder when m is divided by 1.
0
Let x = -7 - -11. Calculate the remainder when 10 is divided by x.
2
Let g be 46/4 + 6/(-4). Let i = 34 - g. Calculate the remainder when 47 is divided by i.
23
Suppose -3*n = 2*x - 22, 0 = -n + 2*n + 3*x - 12. Calculate the remainder when 26 is divided by n.
2
Let w = -3 + 6. Let v = 1 + w. Suppose -v*d + 26 = -2*d. Calculate the remainder when 25 is divided by d.
12
Suppose -3*l = 2*m + 4, 0*l = 2*l - 4*m - 8. Let t be ((-8)/10)/((-1)/30). Suppose l*h + t = 2*h. What is the remainder when 22 is divided by h?
10
Suppose -2*a = 3*a - 2*x - 221, 4*x + 37 = a. What is the remainder when a is divided by 16?
13
Let v(p) = -p + 31. Calculate the remainder when 45 is divided by v(7).
21
Let j be 6/(-33) - (-57)/11. Suppose -j*l + 46 = 4*d, -3*l + 2*d - 1 = -11. What is the remainder when (l*6)/3 - -1 is divided by 7?
6
Suppose 19 = -3*w - 17. Let q = 2 - w. Suppose -o - 4 + 12 = 0. Calculate the remainder when q is divided by o.
6
Let j(t) = -t**3 + 3*t**2 + 11*t - 10. What is the remainder when 52 is divided by j(4)?
16
Let v = -9 - -13. Let x be 2*10/v*3. What is the remainder when 10 is divided by 5*3/x*6?
4
Suppose -4*c + 4 = 0, 133 = a - 3*c + 6*c. Calculate the remainder when a is divided by 33.
31
Let c = 12 + -3. Suppose 0 = -3*u + u + 3*m + c, -u - 3 = m. Let o(j) = j**3 + j**2 + 12. What is the remainder when 22 is divided by o(u)?
10
Let g(v) = -6*v**3 + 1 - 2*v**2 - 2*v**3 + v + 3*v**2. Calculate the remainder when ((-44)/(-154))/(((-1)/56)/(-1)) is divided by g(-1).
7
What is the remainder when (-484)/(-10) + (0 - (-6)/10) is divided by 10?
9
Let b = 1 - 2. What is the remainder when 17 is divided by (7 - (b - -3))*1?
2
Let d be (-2)/((10/(-3))/(-5)). Calculate the remainder when ((-66)/(-9))/((-2)/d) is divided by 4.
3
Suppose -t = 2*t - 57. Suppose j - t = -1. Calculate the remainder when j is divided by 5.
3
Let b be 24/18*(-27)/6. What is the remainder when 13 is divided by (5/(-2))/(3/b)?
3
Let i be (-2)/3 - 11/(-3). Let c be 594/(-30)*(-10)/i. Let d = c + -37. Calculate the remainder when d is divided by 15.
14
Let k = -8 - -14. Suppose -6*g + 2*m + 2 = -4*g, 2*g = m + k. What is the remainder when g is divided by 2?
1
Suppose -7*r - 70 = -12*r. What is the remainder when 81 is divided by r?
11
Let f = -11 + -13. Let i = -7 - f. Suppose -3*a + 2*a + 9 = 0. Calculate the remainder when i is divided by a.
8
Let k(n) = 8*n**3 + 3*n**2 - 2*n + 3. What is the remainder when k(2) is divided by 26?
23
Let c = 69 + -21. Let r(f) = f**2 - 4*f + 3. Let k be r(3). Suppose 0 = -o + 5*n + 11, k = 2*o - 2*n - c - 14. Calculate the remainder when o is divided by 19.
17
Calculate the remainder when 32 is divided by (56/7)/2 - (-15 + 0).
13
Let k(u) = -13*u + 1. Let x(s) = -3*s - 4. What is the remainder when k(-4) is divided by x(-6)?
11
Let d(a) = a**3 - 4*a**2 - 6*a - 4. Let s(b) = -6*b - 210. Calculate the remainder when d(6) is divided by s(-37).
8
Suppose -4*a = 3*x - 67, -4*a + 0*a - 4*x + 64 = 0. Calculate the remainder when a is divided by 5.
4
Let v = -2 - -9. Let d = v + -4. What is the remainder when (-1)/(27/(-24) - -1) is divided by d?
2
Let b = 164 + -52. Suppose 18 - 12 = 2*d. Suppose -7*g + b = -d*g. What is the remainder when g is divided by 10?
8
Suppose -235 = -8*c + 3*c. Calculate the remainder when c is divided by 12.
11
Suppose -2*n - 133 = -9*n. Calculate the remainder when 53 is divided by n.
15
Calculate the remainder when 21 is divided by ((-52)/(-65))/((-2)/(-25)).
1
Suppose -3*z - 5 = -26. Let d = -256 + 283. Calculate the remainder when d is divided by z.
6
Let h = -2 - 4. Suppose -c + 5*c - 40 = 0. Let f = h + c. What is the remainder when 13 is divided by f?
1
Suppose 0 = -4*w + 24 + 20. Calculate the remainder when w is divided by 7.
4
Suppose 2*c - 11 = -3*x - 2, 9 = 3*x + 3*c. Suppose -x*m + 19 = 1. Calculate the remainder when 16 is divided by m.
4
Let z = 468 - 318. Suppose 4*b + b - 25 = 0. Suppose 3*m + 2*k - 82 = k, -z = -b*m - 5*k. What is the remainder when m is divided by 14?
12
Let f = 3 - 5. Calculate the remainder when 2 is divided by (-1 - -3)/((-4)/f).
0
Let x = -2 + 4. Suppose 5*i + 45 = 2*f, -2*f + f - x*i + 36 = 0. Suppose 0 = -0*d - 2*d + f. Calculate the remainder when 28 is divided by d.
13
Let s = 58 + -12. Suppose 0 = 2*x - 2 - 6. Suppose 48 = x*k - k. What is the remainder when s is divided by k?
14
Suppose -v + 2*v = 34. What is the remainder when 101 is divided by v?
33
Suppose q - 20 = 1. Suppose 0 = -t - 134 + 145. What is the remainder when q is divided by t?
10
Let w = -9 - -25. Suppose -c - 4 = -19. Let x(z) = z**3 - 16*z**2 + 18*z + 18. Calculate the remainder when x(c) is divided by w.
15
Let f = 20 - 11. Let u = -42 - -68. Calculate the remainder when u is divided by f.
8
Let a(k) = k**3 + 5*k**2 - 6*k + 1. Suppose 4 = 3*p - 5. Calculate the remainder when a(-6) is divided by (3/9)/(1/p).
0
Let v = -1 - -1. Suppose -q + 7 - 3 = v. Suppose -5*f + 39 = q*c - 28, 0 = 3*f + 15. What is the remainder when c is divided by 12?
11
Let o(l) = -3*l - 5. Calculate the remainder when 13 is divided by o(-4).
6
Suppose 8 - 2 = -g + 2*q, 0 = -3*g - 5*q + 26. Let p(a) = 4*a**g - 6 - 5*a**2 + 2 - a**3. Calculate the remainder when p(-4) is divided by 15.
14
Let n = 39 - 28. Calculate the remainder when 42 is divided by n.
9
Let v(u) = 3*u - 4. Suppose 0 = -2*h + 3*h - 3. Let n be v(h). Suppose -n*q + 8 + 2 = 0. Calculate the remainder when 3 is divided by q.
1
Suppose 3*i - 173 = -35. Suppose 7*y + i = 8*y. What is the remainder when y is divided by 16?
14
Suppose 5*m = -3*c + 8 + 3, 5*m - c - 23 = 0. Calculate the remainder when m is divided by 3.
1
Suppose 90 = 2*l + 2*q, 0*q = l - q - 47. What is the remainder when 181 is divided by l?
43
Suppose 48 = 9*i - 60. Calculate the remainder when 34 is divided by i.
10
Suppose -5*g = -5*v - 85, -9 = -v - 4*g - 1. What is the remainder when 10 is divided by 3/(-1 + (-21)/v)?
2
Suppose -5*j - 2*d - 13 = 0, -2*j - 24 + 6 = 4*d. Let r = j + 1. Suppose r*l - 20 = -5*l. What is the remainder when 11 is divided by l?
3
Suppose -4*r - 21 = -5*r. Let x = 32 - r. Suppose 4*w - 137 = x. Calculate the remainder when w is divided by 10.
7
Suppose k = 10 + 6. Calculate the remainder when 62 is divided by k.
14
Suppose -4*b + 11 = -189. Suppose -8*v = -3*v - b. Suppose -26 + 138 = 4*s. Calculate the remainder when s is divided by v.
8
Suppose -3*h - 5*y + 44 = -0, -y + 41 = 2*h. What is the remainder when h is divided by 5?
3
Let m(u) = -2*u + 1. Let k be m(-3). Suppose k*z - 170 - 145 = 0. What is the remainder when z is divided by 23?
22
Suppose 0 = 2*r + 1 - 5. Suppose -r*k - k +